{"id":76,"date":"2016-07-13T20:42:08","date_gmt":"2016-07-13T20:42:08","guid":{"rendered":"http:\/\/sascha-urban.de\/?page_id=76"},"modified":"2022-03-11T07:22:23","modified_gmt":"2022-03-11T07:22:23","slug":"cv","status":"publish","type":"page","link":"https:\/\/sascha-urban.de\/?page_id=76","title":{"rendered":"CV"},"content":{"rendered":"<p>\/\/\/ Sascha Urban<\/p>\n<p><b>Lebenslauf<\/b><\/p>\n<p>\/\/\/ geboren am 19.11.1984 in Offenburg<\/p>\n<p>\/\/\/ nach Abschluss der Realschule (2002) Ausbildung<br \/>\nzum Schreiner + 3 Gesellenjahre bis 2008 (Firma Josef<br \/>\nR\u00e4pple in Gengenbach)<\/p>\n<p>\/\/\/ 2009 Abschluss Fachhochschulreife (TG-Offenburg)<\/p>\n<p>\/\/\/ 2010 Beginn des Innenarchitekturstudium in Mainz<br \/>\n2016 Abschluss an der Hochschule Mainz (BA\/MA)<\/p>\n<p>\/\/\/ von April 2011 bis Dezember 2014 Mitarbeit bei der<br \/>\nFirma Geiger Raumkonzepte in Wiesbaden.<br \/>\n(Entwurfsplanung, Fertigungsplanung und Bauleitung)<\/p>\n<p>\/\/\/ ab Januar 2015 Wissenschaftlicher Mitarbeiter an<br \/>\nder Hochschule Mainz (Fachbereich CNC-Technik,<br \/>\nRobotik, 3D-Druck, Schreinerwerkstatt)<\/p>\n<p>\/\/\/ ab Januar 2016 Assistent\u00a0 an<br \/>\nder Hochschule Mainz (Fachbereich CNC-Technik,<br \/>\nRobotik, 3D-Druck, Schreinerwerkstatt)<\/p>\n<p><b><br \/>\nProgramme<\/b><\/p>\n<p>\/\/\/ Vectorworks +++<br \/>\n\/\/\/ Vellum ++<\/p>\n<p>\/\/\/ 3DSmax +++<br \/>\n\/\/\/ Rhino +++<\/p>\n<p>\/\/\/ Para 3D +++<br \/>\n\/\/\/ Grasshopper++<\/p>\n<p>\/\/\/ Photoshop ++<br \/>\n\/\/\/ Indesign ++<br \/>\n\/\/\/ Illustrator ++<\/p>\n<p>\/\/\/ Word ++<br \/>\n\/\/\/ Excel ++<\/p>\n<p>\/\/\/ Deskproto +++<br \/>\n\/\/\/ Stepfour ++<\/p>\n<p>\/\/\/ Contacam +<\/p>\n<p>\/\/\/ Sprutcam+++<br \/>\n\/\/\/ Spaceclaim+<br \/>\n\/\/\/ Cura (Ultimaker)+++<\/p>\n<p>(+ Grundkenntnisse \/ ++ Sicher \/ +++ Sehr gute Kenntnisse)<\/p>\n<p><b><br \/>\nSkills<\/b><\/p>\n<p>\/\/\/ sehr gute Schreinerkenntnisse<br \/>\n\/\/\/ Hilfsbereit\/Teamf\u00e4hig<br \/>\n\/\/\/ 3D-Modeling<br \/>\n\/\/\/ Offen<br \/>\n\/\/\/ Autodidaktisch<br \/>\n\/\/\/ Technikaffin<br \/>\n\/\/\/ Selbst\u00e4ndig<\/p>\n<p><b><br \/>\nPr\u00e4gende\/Inspirierende Designer\/Architekten<\/b><\/p>\n<p>\/\/\/ Raumlabor Berlin<br \/>\n\/\/\/ Random International<br \/>\n\/\/\/ Matton Office<br \/>\n\/\/\/ Ray&amp;Charles Eames<br \/>\n\/\/\/ Mies van der Rohe<br \/>\n\/\/\/ Werner Aisslinger<br \/>\n\/\/\/ Eric Drooker<br \/>\n\/\/\/ Ken Adam<br \/>\n\/\/\/ Ackermann (Schreiner)<br \/>\n\/\/\/ B\u00e4cher&amp;Bergmann<\/p>\n<p><a href=\"https:\/\/i0.wp.com\/sascha-urban.de\/wp-content\/uploads\/2017\/07\/MG_1756.jpg?ssl=1\"><img data-attachment-id=\"818\" data-permalink=\"https:\/\/sascha-urban.de\/?attachment_id=818\" data-orig-file=\"https:\/\/i0.wp.com\/sascha-urban.de\/wp-content\/uploads\/2017\/07\/MG_1756.jpg?fit=2640%2C3628&amp;ssl=1\" data-orig-size=\"2640,3628\" data-comments-opened=\"0\" data-image-meta=\"{&quot;aperture&quot;:&quot;4&quot;,&quot;credit&quot;:&quot;&quot;,&quot;camera&quot;:&quot;Canon EOS 5D Mark III&quot;,&quot;caption&quot;:&quot;&quot;,&quot;created_timestamp&quot;:&quot;1507680085&quot;,&quot;copyright&quot;:&quot;&quot;,&quot;focal_length&quot;:&quot;52&quot;,&quot;iso&quot;:&quot;200&quot;,&quot;shutter_speed&quot;:&quot;0.00625&quot;,&quot;title&quot;:&quot;&quot;,&quot;orientation&quot;:&quot;1&quot;}\" data-image-title=\"_MG_1756\" data-image-description=\"\" data-image-caption=\"\" data-medium-file=\"https:\/\/i0.wp.com\/sascha-urban.de\/wp-content\/uploads\/2017\/07\/MG_1756.jpg?fit=218%2C300&amp;ssl=1\" data-large-file=\"https:\/\/i0.wp.com\/sascha-urban.de\/wp-content\/uploads\/2017\/07\/MG_1756.jpg?fit=364%2C500&amp;ssl=1\" decoding=\"async\" loading=\"lazy\" class=\"alignnone size-full wp-image-818\" src=\"https:\/\/i0.wp.com\/sascha-urban.de\/wp-content\/uploads\/2017\/07\/MG_1756.jpg?resize=620%2C852&#038;ssl=1\" alt=\"\" width=\"620\" height=\"852\" srcset=\"https:\/\/i0.wp.com\/sascha-urban.de\/wp-content\/uploads\/2017\/07\/MG_1756.jpg?w=2640&amp;ssl=1 2640w, https:\/\/i0.wp.com\/sascha-urban.de\/wp-content\/uploads\/2017\/07\/MG_1756.jpg?resize=218%2C300&amp;ssl=1 218w, https:\/\/i0.wp.com\/sascha-urban.de\/wp-content\/uploads\/2017\/07\/MG_1756.jpg?resize=768%2C1055&amp;ssl=1 768w, https:\/\/i0.wp.com\/sascha-urban.de\/wp-content\/uploads\/2017\/07\/MG_1756.jpg?resize=364%2C500&amp;ssl=1 364w, https:\/\/i0.wp.com\/sascha-urban.de\/wp-content\/uploads\/2017\/07\/MG_1756.jpg?resize=973%2C1337&amp;ssl=1 973w, https:\/\/i0.wp.com\/sascha-urban.de\/wp-content\/uploads\/2017\/07\/MG_1756.jpg?resize=508%2C698&amp;ssl=1 508w, https:\/\/i0.wp.com\/sascha-urban.de\/wp-content\/uploads\/2017\/07\/MG_1756.jpg?w=1240&amp;ssl=1 1240w, https:\/\/i0.wp.com\/sascha-urban.de\/wp-content\/uploads\/2017\/07\/MG_1756.jpg?w=1860&amp;ssl=1 1860w\" sizes=\"(max-width: 620px) 100vw, 620px\" data-recalc-dims=\"1\" \/><\/a><\/p>\n","protected":false},"excerpt":{"rendered":"<p>\/\/\/ Sascha Urban Lebenslauf \/\/\/ geboren am 19.11.1984 in Offenburg \/\/\/ nach Abschluss der Realschule (2002) Ausbildung zum Schreiner + 3 Gesellenjahre bis 2008 (Firma Josef R\u00e4pple in&#8230;<\/p>\n","protected":false},"author":1,"featured_media":0,"parent":0,"menu_order":2,"comment_status":"closed","ping_status":"closed","template":"","meta":{"spay_email":"","footnotes":""},"jetpack_sharing_enabled":true,"jetpack_shortlink":"https:\/\/wp.me\/P7xkRg-1e","jetpack-related-posts":[{"id":1010,"url":"https:\/\/sascha-urban.de\/?page_id=1010","url_meta":{"origin":76,"position":0},"title":"Lernen","date":"Juni 11, 2010","format":false,"excerpt":"An der Hochschule Mainz lehre ich Studenten des 1ten und 2ten Semesters Computerunterst\u00fctztes Zeichnen - CAD. Seit ungef\u00e4hr zwei Jahren benutzen die Studenten daf\u00fcr Rhino. Das Programm ist sehr vielf\u00e4ltig und bietet einige M\u00f6glichkeiten. Dennoch hat es Grenzen und man sieht das Rhino zwar ein Allesk\u00f6nner, aber nicht perfekt ist.\u2026","rel":"","context":"\u00c4hnlicher Beitrag","img":{"alt_text":"","src":"","width":0,"height":0},"classes":[]},{"id":459,"url":"https:\/\/sascha-urban.de\/?page_id=459","url_meta":{"origin":76,"position":1},"title":"SpanwerkSpanwerk","date":"August 5, 2016","format":false,"excerpt":"\u00a0 \u00a0 \u00a0 Spatialdesign, Upcycling, Holzhandwerk, CNC, Parametric,... Spanwerk ist eine Plattform bei der das erlernte Schreinerhandwerk mit der Innovation aus Design zusammentrifft. Hier sollen alte Handwerks- und Verbindungsechniken, welche im Laufe der Zeit aus Kostengr\u00fcnden wegfielen, wieder neu belebt werden. Neue Verfahrenstechniken wie CNC oder 3D-Druck bilden einen wesentlichen\u2026","rel":"","context":"\u00c4hnlicher Beitrag","img":{"alt_text":"","src":"https:\/\/i0.wp.com\/sascha-urban.de\/wp-content\/uploads\/2020\/01\/spanwerk@2x.png?resize=350%2C200&ssl=1","width":350,"height":200},"classes":[]}],"_links":{"self":[{"href":"https:\/\/sascha-urban.de\/index.php?rest_route=\/wp\/v2\/pages\/76"}],"collection":[{"href":"https:\/\/sascha-urban.de\/index.php?rest_route=\/wp\/v2\/pages"}],"about":[{"href":"https:\/\/sascha-urban.de\/index.php?rest_route=\/wp\/v2\/types\/page"}],"author":[{"embeddable":true,"href":"https:\/\/sascha-urban.de\/index.php?rest_route=\/wp\/v2\/users\/1"}],"replies":[{"embeddable":true,"href":"https:\/\/sascha-urban.de\/index.php?rest_route=%2Fwp%2Fv2%2Fcomments&post=76"}],"version-history":[{"count":14,"href":"https:\/\/sascha-urban.de\/index.php?rest_route=\/wp\/v2\/pages\/76\/revisions"}],"predecessor-version":[{"id":1123,"href":"https:\/\/sascha-urban.de\/index.php?rest_route=\/wp\/v2\/pages\/76\/revisions\/1123"}],"wp:attachment":[{"href":"https:\/\/sascha-urban.de\/index.php?rest_route=%2Fwp%2Fv2%2Fmedia&parent=76"}],"curies":[{"name":"wp","href":"https:\/\/api.w.org\/{rel}","templated":true}]}}

<p>/// Sascha Urban</p>
<p><b>Lebenslauf</b></p>
<p>/// geboren am 19.11.1984 in Offenburg</p>
<p>/// nach Abschluss der Realschule (2002) Ausbildung<br />
zum Schreiner + 3 Gesellenjahre bis 2008 (Firma Josef<br />
Räpple in Gengenbach)</p>
<p>/// 2009 Abschluss Fachhochschulreife (TG-Offenburg)</p>
<p>/// 2010 Beginn des Innenarchitekturstudium in Mainz<br />
2016 Abschluss an der Hochschule Mainz (BA/MA)</p>
<p>/// von April 2011 bis Dezember 2014 Mitarbeit bei der<br />
Firma Geiger Raumkonzepte in Wiesbaden.<br />
(Entwurfsplanung, Fertigungsplanung und Bauleitung)</p>
<p>/// ab Januar 2015 Wissenschaftlicher Mitarbeiter an<br />
der Hochschule Mainz (Fachbereich CNC-Technik,<br />
Robotik, 3D-Druck, Schreinerwerkstatt)</p>
<p>/// ab Januar 2016 Assistent  an<br />
der Hochschule Mainz (Fachbereich CNC-Technik,<br />
Robotik, 3D-Druck, Schreinerwerkstatt)</p>
<p><b><br />
Programme</b></p>
<p>/// Vectorworks +++<br />
/// Vellum ++</p>
<p>/// 3DSmax +++<br />
/// Rhino +++</p>
<p>/// Para 3D +++<br />
/// Grasshopper++</p>
<p>/// Photoshop ++<br />
/// Indesign ++<br />
/// Illustrator ++</p>
<p>/// Word ++<br />
/// Excel ++</p>
<p>/// Deskproto +++<br />
/// Stepfour ++</p>
<p>/// Contacam +</p>
<p>/// Sprutcam+++<br />
/// Spaceclaim+<br />
/// Cura (Ultimaker)+++</p>
<p>(+ Grundkenntnisse / ++ Sicher / +++ Sehr gute Kenntnisse)</p>
<p><b><br />
Skills</b></p>
<p>/// sehr gute Schreinerkenntnisse<br />
/// Hilfsbereit/Teamfähig<br />
/// 3D-Modeling<br />
/// Offen<br />
/// Autodidaktisch<br />
/// Technikaffin<br />
/// Selbständig</p>
<p><b><br />
Prägende/Inspirierende Designer/Architekten</b></p>
<p>/// Raumlabor Berlin<br />
/// Random International<br />
/// Matton Office<br />
/// Ray&amp;Charles Eames<br />
/// Mies van der Rohe<br />
/// Werner Aisslinger<br />
/// Eric Drooker<br />
/// Ken Adam<br />
/// Ackermann (Schreiner)<br />
/// Bächer&amp;Bergmann</p>
<p><a href="https://i0.wp.com/sascha-urban.de/wp-content/uploads/2017/07/MG_1756.jpg?ssl=1"><img data-attachment-id="818" data-permalink="https://sascha-urban.de/?attachment_id=818" data-orig-file="https://i0.wp.com/sascha-urban.de/wp-content/uploads/2017/07/MG_1756.jpg?fit=2640%2C3628&amp;ssl=1" data-orig-size="2640,3628" data-comments-opened="0" data-image-meta="{&quot;aperture&quot;:&quot;4&quot;,&quot;credit&quot;:&quot;&quot;,&quot;camera&quot;:&quot;Canon EOS 5D Mark III&quot;,&quot;caption&quot;:&quot;&quot;,&quot;created_timestamp&quot;:&quot;1507680085&quot;,&quot;copyright&quot;:&quot;&quot;,&quot;focal_length&quot;:&quot;52&quot;,&quot;iso&quot;:&quot;200&quot;,&quot;shutter_speed&quot;:&quot;0.00625&quot;,&quot;title&quot;:&quot;&quot;,&quot;orientation&quot;:&quot;1&quot;}" data-image-title="_MG_1756" data-image-description="" data-image-caption="" data-medium-file="https://i0.wp.com/sascha-urban.de/wp-content/uploads/2017/07/MG_1756.jpg?fit=218%2C300&amp;ssl=1" data-large-file="https://i0.wp.com/sascha-urban.de/wp-content/uploads/2017/07/MG_1756.jpg?fit=364%2C500&amp;ssl=1" decoding="async" loading="lazy" class="alignnone size-full wp-image-818" src="https://i0.wp.com/sascha-urban.de/wp-content/uploads/2017/07/MG_1756.jpg?resize=620%2C852&#038;ssl=1" alt="" width="620" height="852" srcset="https://i0.wp.com/sascha-urban.de/wp-content/uploads/2017/07/MG_1756.jpg?w=2640&amp;ssl=1 2640w, https://i0.wp.com/sascha-urban.de/wp-content/uploads/2017/07/MG_1756.jpg?resize=218%2C300&amp;ssl=1 218w, https://i0.wp.com/sascha-urban.de/wp-content/uploads/2017/07/MG_1756.jpg?resize=768%2C1055&amp;ssl=1 768w, https://i0.wp.com/sascha-urban.de/wp-content/uploads/2017/07/MG_1756.jpg?resize=364%2C500&amp;ssl=1 364w, https://i0.wp.com/sascha-urban.de/wp-content/uploads/2017/07/MG_1756.jpg?resize=973%2C1337&amp;ssl=1 973w, https://i0.wp.com/sascha-urban.de/wp-content/uploads/2017/07/MG_1756.jpg?resize=508%2C698&amp;ssl=1 508w, https://i0.wp.com/sascha-urban.de/wp-content/uploads/2017/07/MG_1756.jpg?w=1240&amp;ssl=1 1240w, https://i0.wp.com/sascha-urban.de/wp-content/uploads/2017/07/MG_1756.jpg?w=1860&amp;ssl=1 1860w" sizes="(max-width: 620px) 100vw, 620px" data-recalc-dims="1" /></a></p>

<p>/// Sascha Urban Lebenslauf /// geboren am 19.11.1984 in Offenburg /// nach Abschluss der Realschule (2002) Ausbildung zum Schreiner + 3 Gesellenjahre bis 2008 (Firma Josef Räpple in&#8230;</p>

An der Hochschule Mainz lehre ich Studenten des 1ten und 2ten Semesters Computerunterstütztes Zeichnen - CAD. Seit ungefähr zwei Jahren benutzen die Studenten dafür Rhino. Das Programm ist sehr vielfältig und bietet einige Möglichkeiten. Dennoch hat es Grenzen und man sieht das Rhino zwar ein Alleskönner, aber nicht perfekt ist.…

Ähnlicher Beitrag

Spatialdesign, Upcycling, Holzhandwerk, CNC, Parametric,... Spanwerk ist eine Plattform bei der das erlernte Schreinerhandwerk mit der Innovation aus Design zusammentrifft. Hier sollen alte Handwerks- und Verbindungsechniken, welche im Laufe der Zeit aus Kostengründen wegfielen, wieder neu belebt werden. Neue Verfahrenstechniken wie CNC oder 3D-Druck bilden einen wesentlichen…
